s t(-31) a composite number?
False
Suppose 23*g + 543971 = 28*g - 4*f, 652731 = 6*g - f. Is g a composite number?
True
Let k(u) = u**2 - 12*u - 27. Suppose -11*t + 5*t + 150 = 0. Let b = t + -36. Is k(b) composite?
True
Let g(b) be the second derivative of 2*b**5/5 + b**4/4 - b**3/2 + 43*b**2/2 + b - 14. Is g(5) prime?
True
Suppose -2*p = 55 - 61. Suppose -u - p*a = -3*u + 259, 0 = 4*u + 2*a - 542. Is u a composite number?
True
Suppose 0 = -q + 3*q + 2*r - 14100, 5*q + 4*r = 35248. Let g = q - 5021. Is g prime?
True
Let u = 45 - 43. Suppose -u*r + 49 - 9 = -5*b, b = -r + 6. Is r/55 + (-3221)/(-11) prime?
True
Suppose 3*k - 8*k = 6*k - 33. Let v = 10 + -7. Suppose 0 = -4*j + 11*q - 7*q + 5592, v*q = k. Is j prime?
True
Suppose -4*t = -3*w + 659003, t + 878662 = 11*w - 7*w. Is w composite?
True
Let v(x) = 5*x + 70. Let f be v(-13). Suppose -9481 = -f*q - 3*j - 2736, 0 = -4*q + 3*j + 5396. Is q a prime number?
False
Suppose 0 = 18*j - 23*j - 8*s + 2172473, -4*j = 4*s - 1737988. Is j a composite number?
False
Suppose -5*d = -2*a + 7911, 4*a - 4*d = 22489 - 6661. Suppose 10*r - a = 5272. Is r a composite number?
True
Is 479449 + 656 + 14*1 prime?
False
Let s be (-2)/(-3) - 4514/(-6). Suppose -6 = -4*v - 14, -3*v = 5*f + 16. Is s + f + (1 - 3) prime?
False
Is ((-4)/(-18) - (-407516186)/396) + 98/28 prime?
False
Let p = 786302 - 447253. Is p prime?
True
Let b = 2636 + -14034. Let i = -8115 - b. Suppose 6*u + u - i = 0. Is u a prime number?
False
Let h(i) = 4185*i**2 - 217*i + 121. Is h(15) a composite number?
False
Let b = 54 + 44. Is 6/21 + 4204662/b a prime number?
False
Let u(h) = 354*h**2 + 5765*h + 14. Is u(-19) composite?
True
Let l(s) = 5*s**2 + 27*s - 21. Let u(q) = -14*q**2 - 79*q + 63. Let k(n) = 11*l(n) + 4*u(n). Let f be 310/(-18) + 10/45. Is k(f) prime?
False
Suppose 19*m - 26*m = -140*m + 7117229. Is m prime?
False
Suppose -z + 1 = 0, d - 3*z = -0*d + 55. Let a = d + -56. Suppose 524 = 2*u + a*u. Is u a prime number?
True
Let c(p) = -2*p**3 + 33*p**2 + 241*p + 95. Is c(-30) prime?
False
Suppose -5*w - 2*d + 395 = 0, 3*d + 2*d = w - 79. Suppose -635 = 78*o - w*o. Is o a composite number?
True
Let f(x) = x + 14. Let z = -20 - -28. Let q be f(z). Let h = q - -1. Is h a composite number?
False
Suppose 2*a = 3*i - 674455, a + 5593 = 3*i - 668863. Is i prime?
False
Let n = 2152 + -2164. Let r(m) = 31 + m + 3*m**2 - 3*m - 9. Is r(n) composite?
True
Let y = -106826 + 172155. Is y prime?
False
Suppose 134239 = 14*o - 228525 - 71418. Is o a prime number?
True
Let w(f) = -46*f**2 - 15*f + 64. Let d(c) = 183*c**2 + 60*c - 255. Let j(k) = -2*d(k) - 9*w(k). Is j(9) a composite number?
True
Is (-4 - -5)/(5/3159885) prime?
False
Let c(w) = -2517*w**2 + 7*w + 19. Let x(b) = -1258*b**2 + 3*b + 9. Let h(f) = 3*c(f) - 7*x(f). Is h(1) a composite number?
False
Let j(n) = -n + 23. Suppose x + o = 2 - 0, 5*o = -2*x - 8. Let q(g) = 3*g**2 - 14*g - 3. Let w be q(x). Is j(w) a composite number?
False
Let y = 36 + -24. Let g be (6/9)/(2/y). Suppose -2345 = -5*c - 2*r, -r = c + g*r - 492. Is c a composite number?
False
Suppose 2*c = -3 - 1. Is 1 + (-2162)/c - (-38 - -39) a composite number?
True
Let t be (-1)/((1/7)/(6 + -7)). Suppose -t*n + 2*n = 10. Is 838*n/(-4)*1 a composite number?
False
Let k(p) = 5*p**3 - 3*p + 1. Let v = 28 + -31. Let f be k(v). Let w = -78 - f. Is w a prime number?
True
Suppose 0 = -5*j + 4*y + 1358457, -350*j = -346*j + y - 1086795. Is j prime?
False
Let b = -76 + 82. Let v(y) = 55*y - 25. Let x be v(b). Suppose 214 = n - x. Is n composite?
True
Suppose -8*k + 2*k = -6732. Suppose -3*v - l = 1870, -3*v = 4*l + l + 1874. Let u = v + k. Is u composite?
False
Suppose -4*f - 187278 = -2*b, -5*b - 2*f + 438855 + 29364 = 0. Is b composite?
True
Let g = -110828 + 181917. Is g composite?
False
Let f = 83 - 80. Let w be (75/(-10))/(9/(-4))*f. Suppose w*k = 2*k + 1784. Is k a composite number?
False
Is ((-217966 + -29)*(-8)/10 - -7)*1 composite?
True
Let x = 29353 + 65706. Is x prime?
False
Suppose m - 86696 = -4*n, -6*n + 11*n - 108349 = 4*m. Is n a composite number?
False
Suppose 3*m - 14 = 19. Suppose 3783 = -m*h - 3433. Let a = h - -1363. Is a a prime number?
False
Let i(u) = 9*u**2 - 9*u + 1947457. Is i(0) prime?
True
Let u = 395463 - 280024. Is u a composite number?
True
Let j be (-10)/35*(-2 - 12). Let u(c) = 4 - 1 + 184*c**3 - j*c + 1802*c**3. Is u(1) a composite number?
True
Let l = 106 + -100. Suppose -l*y = -y - 1115. Is y a prime number?
True
Let t(g) be the second derivative of -49*g**3 + 35*g**2/2 + 15*g. Let f be t(-15). Suppose f = 4*s + 3*s. Is s composite?
True
Suppose -2603934 = -20*g + 1993526. Is g composite?
True
Let t(b) = b + 191. Let u be t(26). Suppose -4*d + u + 8499 = 0. Is d a composite number?
False
Let t(f) = -f**2 + 8*f + 21. Let z be t(10). Suppose -n + z = 0, -3*w + 10157 = n - 2*n. Is w a prime number?
False
Let u be -4 - 13/(-3) - (-2)/(-6). Suppose -x = -u*s - 5*s - 9591, 3*x + s = 28805. Suppose -3*y = 4*b - 15050, 0 = -4*b - y + x + 5445. Is b prime?
True
Suppose 3*w - 7*w + 68 = 0. Suppose -w*q = 13 + 21. Is q + 2 + 446 + 0 a composite number?
True
Let s = 94 + 316. Suppose 8*y - 1598 = s. Is y composite?
False
Suppose 5*i = -2*o - 624, 3*o - 304 + 1263 = 4*i. Let h = 530 + o. Is h composite?
True
Let k = -24 + 27. Suppose k*n - 4*j - 98 = 0, 6*j + 38 = n + 2*j. Is (n/(-4))/(57/(-6878)) a composite number?
True
Let o(m) = 4*m + 23. Let x be 2/(8/12*(-3)/5). Let j be o(x). Suppose 2*a = -3*k + 8849, -k - j*k + a + 11817 = 0. Is k a composite number?
False
Let d be (1/2)/(-1)*0. Is (1260 - -13) + d/(-2) a prime number?
False
Let g(f) = -11 - 16 + 53*f + 104*f. Let l(y) = -y**2 + 178*y - 4995. Let t be l(143). Is g(t) a composite number?
False
Suppose -951841 = -2*t + c, t - 543616 + 67699 = 4*c. Is t a prime number?
True
Let u(n) = 1336*n**2 - 125*n - 115. Is u(12) a prime number?
True
Suppose -4134 = 2*z + 2*l, l + l - 6176 = 3*z. Is (z + -1)*(-8 + 1) composite?
True
Let n(b) = 82*b**2 + 306*b + 21. Is n(23) prime?
False
Let w = 254 - 255. Is ((-57207)/6*w)/((-25)/(-50)) a composite number?
False
Is 21/((-1512)/(-90)) + 1462671/4 prime?
True
Let t(b) = 5*b**2 + 0*b - 4*b**2 - 10*b + 21 - 3. Let f be t(8). Suppose 5*x + 5*q = 95, 3*x - f*x - 37 = 5*q. Is x a composite number?
True
Suppose -6*n = -12*n - 36. Let s = 24 - 54. Is (10115/s - 5)*n composite?
False
Let v(i) = 4369*i + 3419. Is v(48) prime?
True
Let s = 45 - 59. Let g be 6/(294/7903) - (-4)/s. Suppose g = -7*d + 1050. Is d a composite number?
False
Suppose f = 4*f - 6, 2*q = f - 16. Let n = -7 - q. Is (-1 - n)/(-4) + 1411/4 prime?
True
Let w be ((-4)/(-6))/(4 + 69/(-18)). Suppose -8 = -u + 2*x - 4*x, w*x = 4*u - 20. Suppose a = -3*z + u, -3*a + 2*a = 3. Is z a composite number?
False
Suppose 135 = -22*v + 25*v. Suppose 0 = -v*m + 41*m + 336. Is (-12102)/(-14) + 48/m composite?
True
Suppose -4*w = -u + 12, 3*w + 16 + 8 = -3*u. Let y(g) = 7*g**3 + 9 - 2*g**3 + 9*g + 5*g**2 - 10*g**3 - 12*g**3. Is y(w) a composite number?
True
Let d(y) = 1393*y**3 + 4*y**2 - 15*y + 71. Is d(5) prime?
True
Let b be (0 - 1) + 414/18. Suppose -b = 10*u - 2. Let s = u + 49. Is s prime?
True
Suppose 0 = 5*u - 2*x, -4*u - 2*x = -u + 16. Let k(n) = -88*n**3 + 11*n**2 + 4*n - 1. Is k(u) prime?
True
Let t(n) be the second derivative of 2*n**4/3 - 5*n**3/6 + 25*n**2/2 + 29*n. Is t(8) prime?
False
Suppose 1272025 = 3*y + 12*v - 13*v, -2*v + 1696020 = 4*y. Is y a prime number?
True
Let a(n) = -4*n**2 - 20*n - 17. Let k(y) = y**2 - 1. Let i = 55 - 54. Let f(q) = i*a(q) + 3*k(q). Is f(-11) a composite number?
False
Let j be ((-4)/(-7))/((-10)/35*-1). Suppose -g + j = 0, -10*g + 38 = 2*w - 6*g. Is w a composite number?
True
Suppose 5*s + 16 = 3*p, -3*s = 4*p + 8 - 68. Suppose 5665 = p*r - 7*r. Is r a prime number?
False
Let r be 5/(3 - (-4)/(-3)). Suppose -5*m - 1 = 2*p - 5*p, 0 = -r*m + p + 1. Is (1367/2 + -3)/(m/2) a composite number?
False
Suppose 2*y - 9726 = -4*f, 0*f + 5*y = f - 2404. Let b = 3524 + f. Is b a prime number?
True
Let l(n) = 35*n + 6. Let z be l(-2). Let j = 73 + z. Let f(k) = k**2 + 6*k + 26. Is f(j) a composite number?
True
Suppose 11 - 5 = -p. Let h(b) = -90*b + 3. Let r be h(p). Let q = 350 + r. Is q composite?
True
Suppose -39*m + 63*m - 2878872 = 0. Is m